d by w?
22
Suppose 55*m = 49*m - 10914. Calculate the remainder when (-4)/24*1 + m/(-6) is divided by 8.
7
Let v(p) = 4*p**3 + 2*p**2 + 68*p - 208. What is the remainder when 1202 is divided by v(3)?
104
Suppose 0 = 17*p - 431 - 4346. Let j = p - 265. Calculate the remainder when j is divided by 6.
4
Calculate the remainder when 123 is divided by 10/(-2)*(-21)/(1470/742).
17
Suppose -5*b - 5*j + 2110 = 0, 357 = -5*b + 5*j + 2437. Calculate the remainder when b is divided by 40.
19
Let k be (-3)/1*-3*(-5)/15. Let w be 5 + (20/(-30) - 2/k). Suppose -w*o + 520 = 5*h - 0*o, 0 = -3*h - o + 312. What is the remainder when h is divided by 35?
34
Suppose 5*a - 3*o = -2*o + 50, 4*a = -4*o + 40. Suppose -8 = -q + 5. What is the remainder when (28/(-7) - -309)*2/a is divided by q?
9
Let b = 23022 - 23017. What is the remainder when (-21)/((-3)/2 - 0) is divided by b?
4
Suppose 3*y - 2 = 22. Let n = -35 - -37. Suppose 0 = n*j - 2 - 8. What is the remainder when y is divided by j?
3
Let y be -6*(-1593)/63 + 4/14. Let u = 156 - y. Calculate the remainder when u is divided by 3.
1
Let m(x) = x - 15. Let h be m(8). What is the remainder when (-228)/14*(-21 - h) is divided by 46?
44
Suppose -17*u + 251 = 81. Suppose 2*m + 173 = 5*b + 5*m, 99 = 3*b + 3*m. What is the remainder when b is divided by u?
7
Suppose 7180 + 8264 = 52*a. Calculate the remainder when a is divided by 4.
1
Let w = 1516 - 1510. Calculate the remainder when 1210 is divided by w.
4
Let h = -9138 - -11442. What is the remainder when h is divided by 84?
36
Suppose -a - 980 = 138*z - 142*z, 0 = -2*a + 8. Calculate the remainder when z is divided by 240.
6
Suppose 64*a + 90 = 74*a. Suppose 0 = 5*c + 16 - 106. Suppose c*i - 13*i = 30. Calculate the remainder when a is divided by i.
3
Let m(t) = 2*t**3 - 2*t**2 + t + 294. Calculate the remainder when m(0) is divided by 25.
19
Let c(s) = -21*s + 12. Let o be c(-6). Suppose -4*d = -7*d + o. What is the remainder when d is divided by (400/15)/4*(-6)/(-4)?
6
Let l be (-2 + 22)*7/((-70)/(-4)). Let u be (596/16)/(2/l). Suppose 31 = 4*n - u. What is the remainder when n is divided by 8?
5
Let i = 78 + -59. Suppose u - i = 2*g - g, -g = -2*u + 39. Suppose y - u = -5*k, 2*k - 39 = -3*y + 21. What is the remainder when 37 is divided by y?
17
Let d(m) = -3*m + 54. Let q be d(17). Suppose q*o = -l + 11, 3*o + 7 = l - 34. Let j(g) = -g + 4. Calculate the remainder when l is divided by j(0).
2
Let k be ((6 - -2)/(-24))/((-1)/417). Suppose -14*h + 99 + k = 0. Calculate the remainder when 47 is divided by h.
13
What is the remainder when 1787 is divided by 28/(-2) + 4000/100?
19
Let f = 258 - 256. Let p(w) = 164*w - 85. Calculate the remainder when p(f) is divided by 41.
38
Let h(z) = -z**3 - 9*z**2 - 8*z + 2. Let g be h(-8). Calculate the remainder when 4/2 - (g + -23) is divided by 48 + -28 + (-11 - 0).
5
Suppose 238 = v - 1378*s + 1375*s, s - 704 = -3*v. Calculate the remainder when 731 is divided by v.
26
Let r(n) = 3*n - 12. Let s = 19 - 15. Suppose -s*x + 5*x + 38 = 5*b, b - x = 6. Calculate the remainder when 93 is divided by r(b).
9
Suppose 5*o + 5*t - 1428 = 297, 0 = -2*o + 5*t + 683. Calculate the remainder when o is divided by 42.
8
What is the remainder when 846 is divided by ((-696)/(-2))/(-3)*(-41)/164?
5
Let z(g) = 2*g**2 + 21*g + 61. Calculate the remainder when 182 is divided by z(-9).
12
Let i(x) = x**2 - 4*x - 21. Let k be i(26). Let u = k - 543. What is the remainder when 36 is divided by u?
4
Suppose -5*c + 480 - 247 = w, -147 = -3*c - 3*w. What is the remainder when 2539 is divided by c?
9
Let n = 5 - -14. Let d be (-48)/(-72) + 20/6. Suppose 0 = -4*l + 20, a - 24*l + 23*l = d. Calculate the remainder when n is divided by a.
1
Calculate the remainder when -508*((-690)/60 + 1*10) is divided by 178.
50
Let g(p) = -46*p**3. Let t = 100 - -254. Let c = t + -219. Calculate the remainder when c is divided by g(-1).
43
Suppose -g = 2*t - 72 - 44, -116 = -g + 5*t. Suppose 67 = 3*q - g. Suppose p + p - q = -5*j, -5*p = -j + 23. What is the remainder when j is divided by 8?
5
Let m be (-1)/(((-12)/(-4))/3). Let s be ((-5)/2 - m)/(14/(-28)). Suppose -3*l + 9 = -s. What is the remainder when 6 is divided by l?
2
Let a be 566/12 - (-270)/324. Suppose 4*n = o + 1, a*n - 76 = -4*o + 44*n. What is the remainder when 129 is divided by o?
9
What is the remainder when 839 is divided by (-9 + 1323/81)*57/2?
3
What is the remainder when 348 is divided by 18*((-84)/8 - -11)?
6
Let m(z) be the first derivative of -2*z**3/3 + z**2 + 89*z - 24. Let i be m(0). Let g = i + -79. Calculate the remainder when 68 is divided by g.
8
Suppose -2*m + 20 = -o, -o - 24 = 5*m - 88. Calculate the remainder when 15 is divided by m.
3
Suppose -i + 9 = 2*i + 5*q, 0 = q. Let v(w) = 327*w - 4895. Calculate the remainder when v(15) is divided by i.
1
Let j(c) = 88*c - 639. Calculate the remainder when 1336 is divided by j(11).
20
Suppose -k + 1114 = -s, 2*s - 4122 = -4*k + 328. Calculate the remainder when k is divided by 26.
21
Let t = 18 - 10. Suppose t + 412 = 3*q. Let a = q - 83. Calculate the remainder when a is divided by 12.
9
Suppose 0 = -5*s + 4*a + 11168, -6*a = -10*a - 8. What is the remainder when s is divided by 172?
168
Suppose -2*n + o = -283, 19*n + 138 = 20*n + 3*o. What is the remainder when n is divided by 58?
25
Suppose 0 = -5*k - 178*c + 183*c + 9440, -3*c = k - 1924. What is the remainder when k is divided by 184?
57
Suppose -g - s + 295 = 0, -7*g + 3*s = -3*g - 1159. Suppose -g*u - 57 = -295*u. What is the remainder when 42 is divided by u?
4
Let s be -1*3 + 3/((-18)/(-588)). Suppose s = 4*w + 27. Calculate the remainder when 62 is divided by w.
11
Let d = -5677 + 5723. Calculate the remainder when 86 is divided by d.
40
Suppose -2535 = -15*u + 7005. Suppose 5*y + 3*k = 965 + 627, u = 2*y + 2*k. Calculate the remainder when y is divided by 81.
76
Let v(u) = u - 1. Let q(g) = -2*g - 2. Let w(p) = 4*q(p) + 4*v(p). Let f be w(-3). Suppose 6*j - 33 - 135 = f. Calculate the remainder when 54 is divided by j.
26
Let m(c) = -578*c**3 + 6*c**2 + 17*c + 15. What is the remainder when m(-1) is divided by 65?
62
Let k(q) = -q**2 - 23*q + 67. Calculate the remainder when 222 is divided by k(-20).
95
Let t(w) = -2*w**3 - 6*w**2 + 99*w - 1. Calculate the remainder when 522 is divided by t(-9).
42
Calculate the remainder when (0 - (-1)/2)*208 is divided by (4 - 2) + (96/12 - -12).
16
Suppose -12*c + 196 + 156 - 256 = 0. What is the remainder when 1731 is divided by c?
3
Let v be (4/(-5))/(39/22230). Let o = -296 - v. What is the remainder when o is divided by 55?
50
Suppose 0 = 30*p + 3719 - 16799. What is the remainder when p is divided by 19?
18
Suppose 10 = -5*f + j, 5*f - j - 20 = -6*j. Let w(y) = -191*y**3 + 1. Let x = 256654 + -256615. Calculate the remainder when w(f) is divided by x.
36
Suppose -35405 - 44019 = -68*g. Let o = g - 979. What is the remainder when o is divided by 67?
55
Let j = -14 - -61. What is the remainder when j is divided by (14/35 - (10 + 282/(-30)))*-15?
2
Let n = -3082 - -3446. What is the remainder when 1108 is divided by n?
16
Let n = -3569 - -3676. Calculate the remainder when 4809 is divided by n.
101
Suppose -4*n + 4 = -4*h - 0*n, 0 = -4*h - n + 21. Let k = 36 - h. Let c(v) = -v**3 - 18*v**2 - 24*v - 110. What is the remainder when k is divided by c(-17)?
5
Let t = 18474 + -16819. What is the remainder when t is divided by 137?
11
Suppose 3*j - 7*j = -3*y + 3612, y + 4 = 0. Let a = j - -971. Calculate the remainder when a is divided by 57.
8
Let d(r) = r + 8. Suppose -4*n + g + 278 = 0, 27*g - 25*g = 4*n - 280. Calculate the remainder when n is divided by d(11).
12
Suppose -o + 2 = -1. Suppose -4*z = -4*u, z + 30 = o*u + 4*z. Suppose -229 = -u*l + 51. Calculate the remainder when l is divided by 15.
11
Let s = -28807 - -29911. What is the remainder when s is divided by 242?
136
Suppose 4*v - 4*q - 7 = 9, 0 = 4*q - 8. Suppose 2*t + v = -5*p - 2*t, -8 = 5*p + 2*t. Calculate the remainder when (4 - (-16)/2) + (-8)/p is divided by 2.
0
Let h = -38484 - -38560. What is the remainder when h is divided by 60?
16
Let n(q) = 102*q**2 + 32*q + 145. Calculate the remainder when n(-5) is divided by 54.
51
Suppose 5*i - 1 - 19 = 0. Suppose i*f - 45 =